{"id":335,"date":"2024-11-25T14:24:48","date_gmt":"2024-11-25T13:24:48","guid":{"rendered":"http:\/\/theo.malidan.formation-esiac.fr\/?page_id=335"},"modified":"2025-04-18T10:01:05","modified_gmt":"2025-04-18T08:01:05","slug":"335-2","status":"publish","type":"page","link":"https:\/\/theo.malidan.formation-esiac.fr\/","title":{"rendered":"PORTFOLIO &#8211; Th\u00e9o MALIDAN"},"content":{"rendered":"\n<figure class=\"wp-block-image aligncenter size-large is-resized is-style-rounded\"><img loading=\"lazy\" decoding=\"async\" width=\"885\" height=\"1024\" src=\"https:\/\/theo.malidan.formation-esiac.fr\/wp-content\/uploads\/2024\/11\/LRSY_Theo-MALIDAN-885x1024.jpeg\" alt=\"\" class=\"wp-image-293\" style=\"width:252px;height:auto\" srcset=\"https:\/\/theo.malidan.formation-esiac.fr\/wp-content\/uploads\/2024\/11\/LRSY_Theo-MALIDAN-885x1024.jpeg 885w, https:\/\/theo.malidan.formation-esiac.fr\/wp-content\/uploads\/2024\/11\/LRSY_Theo-MALIDAN-259x300.jpeg 259w, https:\/\/theo.malidan.formation-esiac.fr\/wp-content\/uploads\/2024\/11\/LRSY_Theo-MALIDAN-768x889.jpeg 768w, https:\/\/theo.malidan.formation-esiac.fr\/wp-content\/uploads\/2024\/11\/LRSY_Theo-MALIDAN-1327x1536.jpeg 1327w, https:\/\/theo.malidan.formation-esiac.fr\/wp-content\/uploads\/2024\/11\/LRSY_Theo-MALIDAN-1770x2048.jpeg 1770w, https:\/\/theo.malidan.formation-esiac.fr\/wp-content\/uploads\/2024\/11\/LRSY_Theo-MALIDAN.jpeg 1986w\" sizes=\"auto, (max-width: 885px) 100vw, 885px\" \/><\/figure>\n\n\n\n<p class=\"has-text-align-center\"><strong><em>Th\u00e9o MALIDAN &#8211; Etudiant en BTS SIO<\/em><\/strong><\/p>\n\n\n\n<p class=\"has-text-align-left has-black-color has-text-color has-link-color has-large-font-size wp-elements-c6405c9005d15165738300c175ec28e2\"><\/p>\n\n\n\n<p>\ud83d\udc68\u200d\ud83d\udcbb Passionn\u00e9 par l&rsquo;informatique depuis mon enfance, je m&rsquo;int\u00e9resse aux r\u00e9seaux, aux syst\u00e8mes et au d\u00e9veloppement. Pour moi, l&rsquo;informatique, au c\u0153ur de tout, offre un vaste domaine d&rsquo;apprentissage et de nombreux m\u00e9tiers passionnants.<\/p>\n\n\n\n<p>\ud83d\udc68\u200d\ud83c\udf93 \u00c0 16 ans, j&rsquo;ai commenc\u00e9 \u00e0 me former dans le num\u00e9rique et, malgr\u00e9 des difficult\u00e9s pour trouver une entreprise, j&rsquo;ai pers\u00e9v\u00e9r\u00e9 mes recherches et finalement j&rsquo;ai donc r\u00e9ussi mon projet professionnel avec mention gr\u00e2ce \u00e0 un employeur qui m&rsquo;a fait confiance.<\/p>\n\n\n\n<p>\ud83c\udf93 Fort de cette r\u00e9ussite, je continue mes \u00e9tudes pour approfondir mes connaissances tout en valorisant mon parcours par l&rsquo;apprentissage.<\/p>\n\n\n\n<p class=\"has-small-font-size\">iutydsqswdfxcghbj<\/p>\n\n\n\n<hr class=\"wp-block-separator has-alpha-channel-opacity is-style-wide\"\/>\n\n\n\n<p><\/p>\n\n\n\n<p class=\"has-large-font-size\"><em>\u2139\ufe0f <strong>Mes informations :<\/strong><\/em><\/p>\n\n\n\n<p><\/p>\n\n\n\n<div class=\"wp-block-columns is-layout-flex wp-container-core-columns-is-layout-28f84493 wp-block-columns-is-layout-flex\">\n<div class=\"wp-block-column is-layout-flow wp-block-column-is-layout-flow\">\n<p>Pour consulter mon CV cliquer ci-dessous :<\/p>\n\n\n\n<div class=\"wp-block-buttons is-layout-flex wp-block-buttons-is-layout-flex\">\n<div class=\"wp-block-button has-custom-width wp-block-button__width-75 is-style-fill\"><a class=\"wp-block-button__link has-vivid-cyan-blue-background-color has-background has-medium-font-size has-custom-font-size wp-element-button\" href=\"https:\/\/drive.google.com\/file\/d\/1pv0BeAm2AiaD31Hjrx7U2oFBmFxLmE2b\/view?usp=drive_link\" style=\"border-radius:100px\"><strong>Consulter CV<\/strong><\/a><\/div>\n<\/div>\n<\/div>\n\n\n\n<div class=\"wp-block-column is-layout-flow wp-block-column-is-layout-flow\">\n<p>Pour me contacter : <\/p>\n\n\n\n<div class=\"wp-block-group is-layout-constrained wp-block-group-is-layout-constrained\">\n<div class=\"wp-block-group is-layout-constrained wp-block-group-is-layout-constrained\">\n<div class=\"wp-block-group is-nowrap is-layout-flex wp-container-core-group-is-layout-6c531013 wp-block-group-is-layout-flex\">\n<figure class=\"wp-block-image size-full is-resized\"><img loading=\"lazy\" decoding=\"async\" width=\"900\" height=\"900\" src=\"https:\/\/theo.malidan.formation-esiac.fr\/wp-content\/uploads\/2024\/11\/LinkedIn_logo_initials.png\" alt=\"\" class=\"wp-image-298\" style=\"width:32px;height:auto\" srcset=\"https:\/\/theo.malidan.formation-esiac.fr\/wp-content\/uploads\/2024\/11\/LinkedIn_logo_initials.png 900w, https:\/\/theo.malidan.formation-esiac.fr\/wp-content\/uploads\/2024\/11\/LinkedIn_logo_initials-300x300.png 300w, https:\/\/theo.malidan.formation-esiac.fr\/wp-content\/uploads\/2024\/11\/LinkedIn_logo_initials-150x150.png 150w, https:\/\/theo.malidan.formation-esiac.fr\/wp-content\/uploads\/2024\/11\/LinkedIn_logo_initials-768x768.png 768w\" sizes=\"auto, (max-width: 900px) 100vw, 900px\" \/><\/figure>\n\n\n\n<p><a href=\"https:\/\/fr.linkedin.com\/in\/theomalidan\">@theomalidan<\/a><\/p>\n<\/div>\n<\/div>\n<\/div>\n\n\n\n<div class=\"wp-block-group is-layout-constrained wp-block-group-is-layout-constrained\">\n<div class=\"wp-block-group is-layout-constrained wp-block-group-is-layout-constrained\">\n<div class=\"wp-block-group is-nowrap is-layout-flex wp-container-core-group-is-layout-6c531013 wp-block-group-is-layout-flex\">\n<figure class=\"wp-block-image size-full is-resized\"><img loading=\"lazy\" decoding=\"async\" width=\"320\" height=\"242\" src=\"https:\/\/theo.malidan.formation-esiac.fr\/wp-content\/uploads\/2024\/11\/google_mail_gmail_logo_icon_159346.png\" alt=\"\" class=\"wp-image-300\" style=\"width:34px;height:auto\" srcset=\"https:\/\/theo.malidan.formation-esiac.fr\/wp-content\/uploads\/2024\/11\/google_mail_gmail_logo_icon_159346.png 320w, https:\/\/theo.malidan.formation-esiac.fr\/wp-content\/uploads\/2024\/11\/google_mail_gmail_logo_icon_159346-300x227.png 300w\" sizes=\"auto, (max-width: 320px) 100vw, 320px\" \/><\/figure>\n\n\n\n<p><a href=\"mailto:theo.malidan.perso@gmail.com\">theo.malidan.pro@gmail.com<\/a><\/p>\n<\/div>\n<\/div>\n<\/div>\n<\/div>\n<\/div>\n\n\n\n<p>test<\/p>\n\n\n\n<hr class=\"wp-block-separator has-alpha-channel-opacity is-style-wide\"\/>\n\n\n\n<p><\/p>\n\n\n\n<p class=\"has-large-font-size\"><strong><em>\ud83d\udcc1 Projets E4 :<\/em><\/strong><\/p>\n\n\n\n<p class=\"has-medium-font-size\"><\/p>\n\n\n\n<p class=\"has-vivid-red-color has-text-color has-link-color wp-elements-d52e1354b134dde548403dd6a8a6ca1d\"><strong><mark style=\"background-color:rgba(0, 0, 0, 0)\" class=\"has-inline-color has-black-color\"><em><span style=\"text-decoration: underline;\">Objectif <\/span>:<\/em><\/mark><\/strong><\/p>\n\n\n\n<p>Cette&nbsp;\u00e9preuve vise \u00e0 \u00e9valuer chez la personne candidate l\u2019acquisition des comp\u00e9tences d\u00e9crites dans le bloc de comp\u00e9tences \u00ab Support et mise \u00e0 disposition de services informatiques \u00bb<\/p>\n\n\n\n<p><\/p>\n\n\n\n<p><strong><span style=\"text-decoration: underline;\"><em>Modalit\u00e9s d&rsquo;\u00e9valuation :<\/em><\/span><\/strong><\/p>\n\n\n\n<p><\/p>\n\n\n\n<p>Forme ponctuelle orale (dur\u00e9e 40 minutes) : L\u2019\u00e9preuve L\u2019\u00e9preuve comporte deux phases cons\u00e9cutives. Pendant 10 minutes (maximum) la personne candidate pr\u00e9sente son parcours de professionnalisation et justifie les modalit\u00e9s d\u2019acquisition des comp\u00e9tences du bloc \u00ab Support et mise \u00e0 disposition de services informatiques \u00bb. S\u2019en suit 30 minutes d\u2019\u00e9change avec le jury qui permettent, d\u2019une part, d\u2019expliciter et d\u2019appr\u00e9cier le parcours de professionnalisation et, d\u2019autre part, d\u2019approfondir une ou plusieurs r\u00e9alisations d\u00e9crites dans le dossier num\u00e9rique. L\u2019entretien permet d\u2019appr\u00e9cier la capacit\u00e9 de la personne candidate \u00e0 mobiliser les comp\u00e9tences vis\u00e9es, sa capacit\u00e9 \u00e0 rendre compte d\u2019un travail r\u00e9alis\u00e9 au sein d\u2019une \u00e9quipe projet en mettant clairement en \u00e9vidence sa contribution personnelle.<\/p>\n\n\n\n<div class=\"wp-block-columns is-layout-flex wp-container-core-columns-is-layout-28f84493 wp-block-columns-is-layout-flex\">\n<div class=\"wp-block-column is-layout-flow wp-block-column-is-layout-flow\">\n<p>Vous retrouver ci-dessous mon dossier du premier projet qui porte sur le d\u00e9ploiement de la solution Microsoft Azure :<\/p>\n\n\n\n<p><\/p>\n\n\n\n<div class=\"wp-block-buttons is-layout-flex wp-block-buttons-is-layout-flex\">\n<div class=\"wp-block-button has-custom-width wp-block-button__width-75\"><a class=\"wp-block-button__link has-vivid-cyan-blue-background-color has-background wp-element-button\" href=\"https:\/\/drive.google.com\/file\/d\/1zOPtocigi67uIMYQGRZsZ_Sd2-OI3Xji\/view?usp=sharing\">Consulter le projet<\/a><\/div>\n<\/div>\n<\/div>\n\n\n\n<div class=\"wp-block-column is-layout-flow wp-block-column-is-layout-flow\">\n<p>Vous retrouver ci-dessous mon second dossier concernant la mise en place de la solution de Microsoft Authenticator :<\/p>\n\n\n\n<p><\/p>\n\n\n\n<div class=\"wp-block-buttons is-layout-flex wp-block-buttons-is-layout-flex\">\n<div class=\"wp-block-button has-custom-width wp-block-button__width-75\"><a class=\"wp-block-button__link has-vivid-cyan-blue-background-color has-background wp-element-button\" href=\"https:\/\/drive.google.com\/file\/d\/1zOPtocigi67uIMYQGRZsZ_Sd2-OI3Xji\/view?usp=sharing\">Consulter le projet<\/a><\/div>\n<\/div>\n<\/div>\n<\/div>\n\n\n\n<p><\/p>\n\n\n\n<hr class=\"wp-block-separator has-alpha-channel-opacity is-style-wide\"\/>\n\n\n\n<p><\/p>\n\n\n\n<p class=\"has-large-font-size\"><strong><em>\ud83d\udcc1 Projets E5 :<\/em><\/strong><\/p>\n\n\n\n<p class=\"has-medium-font-size\"><\/p>\n\n\n\n<p class=\"has-vivid-red-color has-text-color has-link-color wp-elements-d52e1354b134dde548403dd6a8a6ca1d\"><strong><mark style=\"background-color:rgba(0, 0, 0, 0)\" class=\"has-inline-color has-black-color\"><em><span style=\"text-decoration: underline;\">Objectif <\/span>:<\/em><\/mark><\/strong><\/p>\n\n\n\n<p>Cette \u00e9preuve vise \u00e0 \u00e9valuer chez la personne candidate l\u2019acquisition des comp\u00e9tences d\u00e9crites dans le bloc de comp\u00e9tences \u00ab Administration des syst\u00e8mes et des r\u00e9seaux \u00bb propre \u00e0 l\u2019option \u00ab Solutions d\u2019infrastructure, syst\u00e8mes et r\u00e9seaux \u00bb, \u00e0 savoir :<\/p>\n\n\n\n<p>&#8211; concevoir une solution d\u2019infrastructure r\u00e9seau<\/p>\n\n\n\n<p>&#8211; installer, tester et d\u00e9ployer une solution d\u2019infrastructure r\u00e9seau &#8211; exploiter, d\u00e9panner et superviser une infrastructure r\u00e9seau<\/p>\n\n\n\n<p><\/p>\n\n\n\n<p><strong><span style=\"text-decoration: underline;\"><em>Modalit\u00e9s d&rsquo;\u00e9valuation :<\/em><\/span><\/strong><\/p>\n\n\n\n<p><strong>Forme ponctuelle pratique et orale : 40 min (+1h30 de pr\u00e9paration) :<\/strong><\/p>\n\n\n\n<p><span style=\"text-decoration: underline;\">Phase 1 \u2013 pr\u00e9paration de 30 minutes suivie d\u2019un entretien de 20 minutes maximum :<\/span><\/p>\n\n\n\n<p>Sur&nbsp;la base d\u2019une expression de besoins remise \u00e0 la personne candidate et \u00e9tudi\u00e9e pendant le premier temps de pr\u00e9paration, la commission d\u2019\u00e9valuation conduit un entretien qui permet \u00e0 la personne candidate d&rsquo;analyser les besoins de l&rsquo;organisation, de proposer des solutions adapt\u00e9es, de justifier ses choix et de r\u00e9pondre aux questions du jury concernant son approche et sa m\u00e9thodologie de travail.<\/p>\n\n\n\n<p><span style=\"text-decoration: underline;\">Phase 2 \u2013 pr\u00e9paration d\u2019une heure suivie d\u2019un entretien de 20 minutes maximum :<\/span><\/p>\n\n\n\n<p>Le&nbsp;deuxi\u00e8me temps de pr\u00e9paration permet \u00e0 la personne candidate de r\u00e9aliser, en autonomie et de mani\u00e8re individuelle, la solution attendue en ayant recours \u00e0 l\u2019environnement de travail disponible dans le centre d\u2019interrogation. Au terme de la pr\u00e9paration, la commission proc\u00e8de \u00e0 la recette de la solution et m\u00e8ne un entretien d\u2019explicitation.<\/p>\n\n\n\n<p><\/p>\n\n\n\n<p><strong><em><span style=\"text-decoration: underline;\">Voici les documents associer a cette partie :<\/span><\/em><\/strong><\/p>\n\n\n\n<div class=\"wp-block-buttons is-layout-flex wp-block-buttons-is-layout-flex\">\n<div class=\"wp-block-button has-custom-width wp-block-button__width-50\"><a class=\"wp-block-button__link has-vivid-cyan-blue-background-color has-background wp-element-button\">Consulter document<\/a><\/div>\n<\/div>\n\n\n\n<p><\/p>\n\n\n\n<div class=\"wp-block-group is-layout-constrained wp-block-group-is-layout-constrained\">\n<hr class=\"wp-block-separator has-alpha-channel-opacity is-style-wide\"\/>\n<\/div>\n\n\n\n<p><\/p>\n\n\n\n<p class=\"has-large-font-size\"><strong><em>\ud83d\udcc1 Projet p\u00e9dagogique<\/em><\/strong><\/p>\n\n\n\n<p><\/p>\n\n\n\n<p>&#8230;.<\/p>\n\n\n\n<p><\/p>\n\n\n\n<hr class=\"wp-block-separator has-alpha-channel-opacity is-style-wide\"\/>\n\n\n\n<p><\/p>\n\n\n\n<p class=\"has-large-font-size\"><strong><em>\ud83e\uddd1\u200d\ud83d\udcbb Veille technologique :<\/em><\/strong><\/p>\n\n\n\n<p><\/p>\n\n\n\n<p class=\"has-text-align-left\">Voici les diff\u00e9rents site qui me permette de rester \u00e0 jour informatiquement parlant.<\/p>\n\n\n\n<p><\/p>\n\n\n\n<p class=\"has-text-align-left\">Ma liste ci-dessous.<\/p>\n\n\n\n<p><\/p>\n\n\n\n<figure class=\"wp-block-gallery has-nested-images columns-default is-cropped wp-block-gallery-1 is-layout-flex wp-block-gallery-is-layout-flex\">\n<figure class=\"wp-block-image size-large\"><a href=\"https:\/\/korben.info\/\"><img loading=\"lazy\" decoding=\"async\" width=\"200\" height=\"200\" data-id=\"345\" src=\"https:\/\/theo.malidan.formation-esiac.fr\/wp-content\/uploads\/2025\/01\/Korben-logo.png\" alt=\"\" class=\"wp-image-345\" srcset=\"https:\/\/theo.malidan.formation-esiac.fr\/wp-content\/uploads\/2025\/01\/Korben-logo.png 200w, https:\/\/theo.malidan.formation-esiac.fr\/wp-content\/uploads\/2025\/01\/Korben-logo-150x150.png 150w\" sizes=\"auto, (max-width: 200px) 100vw, 200px\" \/><\/a><\/figure>\n\n\n\n<figure class=\"wp-block-image size-large\"><a href=\"https:\/\/korben.info\/\"><img loading=\"lazy\" decoding=\"async\" width=\"1024\" height=\"1024\" data-id=\"349\" src=\"https:\/\/theo.malidan.formation-esiac.fr\/wp-content\/uploads\/2025\/01\/logo-twitter-1024x1024.png\" alt=\"\" class=\"wp-image-349\" srcset=\"https:\/\/theo.malidan.formation-esiac.fr\/wp-content\/uploads\/2025\/01\/logo-twitter-1024x1024.png 1024w, https:\/\/theo.malidan.formation-esiac.fr\/wp-content\/uploads\/2025\/01\/logo-twitter-300x300.png 300w, https:\/\/theo.malidan.formation-esiac.fr\/wp-content\/uploads\/2025\/01\/logo-twitter-150x150.png 150w, https:\/\/theo.malidan.formation-esiac.fr\/wp-content\/uploads\/2025\/01\/logo-twitter-768x768.png 768w, https:\/\/theo.malidan.formation-esiac.fr\/wp-content\/uploads\/2025\/01\/logo-twitter-1536x1536.png 1536w, https:\/\/theo.malidan.formation-esiac.fr\/wp-content\/uploads\/2025\/01\/logo-twitter-2048x2048.png 2048w\" sizes=\"auto, (max-width: 1024px) 100vw, 1024px\" \/><\/a><\/figure>\n\n\n\n<figure class=\"wp-block-image size-large\"><a href=\"https:\/\/www.lemondeinformatique.fr\/\"><img loading=\"lazy\" decoding=\"async\" width=\"225\" height=\"225\" data-id=\"347\" src=\"https:\/\/theo.malidan.formation-esiac.fr\/wp-content\/uploads\/2025\/01\/le-monde-informatique.png\" alt=\"\" class=\"wp-image-347\" srcset=\"https:\/\/theo.malidan.formation-esiac.fr\/wp-content\/uploads\/2025\/01\/le-monde-informatique.png 225w, https:\/\/theo.malidan.formation-esiac.fr\/wp-content\/uploads\/2025\/01\/le-monde-informatique-150x150.png 150w\" sizes=\"auto, (max-width: 225px) 100vw, 225px\" \/><\/a><\/figure>\n\n\n\n<figure class=\"wp-block-image size-large\"><a href=\"https:\/\/github.com\/\"><img loading=\"lazy\" decoding=\"async\" width=\"1024\" height=\"1024\" data-id=\"346\" src=\"https:\/\/theo.malidan.formation-esiac.fr\/wp-content\/uploads\/2025\/01\/github-6980894_1280-1024x1024.png\" alt=\"\" class=\"wp-image-346\" srcset=\"https:\/\/theo.malidan.formation-esiac.fr\/wp-content\/uploads\/2025\/01\/github-6980894_1280-1024x1024.png 1024w, https:\/\/theo.malidan.formation-esiac.fr\/wp-content\/uploads\/2025\/01\/github-6980894_1280-300x300.png 300w, https:\/\/theo.malidan.formation-esiac.fr\/wp-content\/uploads\/2025\/01\/github-6980894_1280-150x150.png 150w, https:\/\/theo.malidan.formation-esiac.fr\/wp-content\/uploads\/2025\/01\/github-6980894_1280-768x768.png 768w, https:\/\/theo.malidan.formation-esiac.fr\/wp-content\/uploads\/2025\/01\/github-6980894_1280.png 1280w\" sizes=\"auto, (max-width: 1024px) 100vw, 1024px\" \/><\/a><\/figure>\n\n\n\n<figure class=\"wp-block-image size-large\"><a href=\"https:\/\/github.com\/\"><img loading=\"lazy\" decoding=\"async\" width=\"512\" height=\"512\" data-id=\"350\" src=\"https:\/\/theo.malidan.formation-esiac.fr\/wp-content\/uploads\/2025\/01\/reddit-logo-1.png\" alt=\"\" class=\"wp-image-350\" srcset=\"https:\/\/theo.malidan.formation-esiac.fr\/wp-content\/uploads\/2025\/01\/reddit-logo-1.png 512w, https:\/\/theo.malidan.formation-esiac.fr\/wp-content\/uploads\/2025\/01\/reddit-logo-1-300x300.png 300w, https:\/\/theo.malidan.formation-esiac.fr\/wp-content\/uploads\/2025\/01\/reddit-logo-1-150x150.png 150w\" sizes=\"auto, (max-width: 512px) 100vw, 512px\" \/><\/a><\/figure>\n\n\n\n<figure class=\"wp-block-image size-large\"><a href=\"https:\/\/www.it-connect.fr\/\"><img loading=\"lazy\" decoding=\"async\" width=\"225\" height=\"225\" data-id=\"348\" src=\"https:\/\/theo.malidan.formation-esiac.fr\/wp-content\/uploads\/2025\/01\/it-conect-1.jpg\" alt=\"\" class=\"wp-image-348\" srcset=\"https:\/\/theo.malidan.formation-esiac.fr\/wp-content\/uploads\/2025\/01\/it-conect-1.jpg 225w, https:\/\/theo.malidan.formation-esiac.fr\/wp-content\/uploads\/2025\/01\/it-conect-1-150x150.jpg 150w\" sizes=\"auto, (max-width: 225px) 100vw, 225px\" \/><\/a><\/figure>\n<\/figure>\n\n\n\n<p><\/p>\n","protected":false},"excerpt":{"rendered":"<p>Th\u00e9o MALIDAN &#8211; Etudiant en BTS SIO \ud83d\udc68\u200d\ud83d\udcbb Passionn\u00e9 par l&rsquo;informatique depuis mon enfance, je m&rsquo;int\u00e9resse aux r\u00e9seaux, aux syst\u00e8mes et au d\u00e9veloppement. Pour moi, l&rsquo;informatique, au c\u0153ur de tout, offre un vaste domaine d&rsquo;apprentissage et de nombreux m\u00e9tiers passionnants. \ud83d\udc68\u200d\ud83c\udf93 \u00c0 16 ans, j&rsquo;ai commenc\u00e9 \u00e0 me former dans le num\u00e9rique et, malgr\u00e9 des [&hellip;]<\/p>\n","protected":false},"author":1,"featured_media":0,"parent":0,"menu_order":0,"comment_status":"closed","ping_status":"closed","template":"","meta":{"footnotes":""},"class_list":["post-335","page","type-page","status-publish","hentry"],"_links":{"self":[{"href":"https:\/\/theo.malidan.formation-esiac.fr\/index.php\/wp-json\/wp\/v2\/pages\/335","targetHints":{"allow":["GET"]}}],"collection":[{"href":"https:\/\/theo.malidan.formation-esiac.fr\/index.php\/wp-json\/wp\/v2\/pages"}],"about":[{"href":"https:\/\/theo.malidan.formation-esiac.fr\/index.php\/wp-json\/wp\/v2\/types\/page"}],"author":[{"embeddable":true,"href":"https:\/\/theo.malidan.formation-esiac.fr\/index.php\/wp-json\/wp\/v2\/users\/1"}],"replies":[{"embeddable":true,"href":"https:\/\/theo.malidan.formation-esiac.fr\/index.php\/wp-json\/wp\/v2\/comments?post=335"}],"version-history":[{"count":19,"href":"https:\/\/theo.malidan.formation-esiac.fr\/index.php\/wp-json\/wp\/v2\/pages\/335\/revisions"}],"predecessor-version":[{"id":459,"href":"https:\/\/theo.malidan.formation-esiac.fr\/index.php\/wp-json\/wp\/v2\/pages\/335\/revisions\/459"}],"wp:attachment":[{"href":"https:\/\/theo.malidan.formation-esiac.fr\/index.php\/wp-json\/wp\/v2\/media?parent=335"}],"curies":[{"name":"wp","href":"https:\/\/api.w.org\/{rel}","templated":true}]}}